ctor of q and 460?
4
Suppose 0 = -61*o + 4042 + 40488. Calculate the highest common divisor of 1314 and o.
146
Let n be 130240/300 - (-16)/840*-7. What is the highest common divisor of n and 992?
62
Suppose -y - 2*y = -780. Let s be 12/(264/(-286)) + (30 - 4). Calculate the greatest common divisor of y and s.
13
Let l be (189/(-2))/1 + 6/(-12). Let s = 99 + l. Suppose -w = -4*p + 11 + 3, -4*p + 22 = 3*w. Calculate the greatest common divisor of s and p.
4
Let j(k) be the third derivative of -3*k**4/8 - 7*k**3/2 + 94*k**2. Let n be j(-5). Calculate the greatest common factor of 72 and n.
24
Let c = -1183 + 1489. What is the highest common factor of c and 39?
3
Let c = -4120 - -4335. What is the highest common divisor of c and 10?
5
Let n be (160/(-300))/(2/5) - 1272/(-9). What is the greatest common factor of 540 and n?
20
Suppose f - 18 = -4*g, 171*g = -3*f + 174*g + 54. Let m be 4/2*1 - -520. Calculate the greatest common factor of f and m.
18
Suppose -41 = 2*f + 23. Let t be (-2)/16 - 548/f. Calculate the greatest common factor of 17 and t.
17
Let p = 32 - -21. Suppose 0 = 2*c - c - p. Suppose c = g + 44. What is the highest common factor of 9 and g?
9
Suppose 525*u - 517*u - 24 = 0. Suppose 4*r + 1 = 3*z, r - 4*z - 7 - 9 = 0. Let k be (-6)/12 - 86/r. Calculate the highest common factor of k and u.
3
Suppose 3*w = 5*m + 6*w - 6, -4*w - 68 = -6*m. What is the highest common factor of 43470 and m?
6
Let w = 10701 + 4327. Calculate the highest common factor of w and 26.
26
Let l be (-67389)/(-180) - 78/(-104) - 2/15. Calculate the highest common factor of 225 and l.
75
Suppose y + 590*n = 592*n + 26, 35 = -5*n. Calculate the highest common factor of y and 6642.
6
Let o(t) = 7*t - 154. Let i be o(24). Suppose y - 17 = -2*x, i*x + 43 = 18*x - y. Calculate the highest common divisor of 170 and x.
10
Suppose -p + 5*i + 21 + 32 = 0, -i - 1 = 0. What is the highest common divisor of 400 and p?
16
Suppose -5*r + 0 = 10, 356 = 5*w + 2*r. Let o be 8/(-20) + (-2136)/(-15). Let y = o - w. Calculate the highest common factor of 10 and y.
10
Let g = -401 - -439. Let l(b) = 9*b + 76. Let d be l(g). Calculate the greatest common factor of d and 22.
22
Suppose -4*j = -5*j - 5*y - 1169, -5*j - 5*y = 5825. Let w = j + 1947. What is the highest common factor of 18 and w?
9
Let q be (11/(-9) + 1)/(5/(-45)). Suppose 2*x - 5*l - 84 = -q*x, -5*l - 20 = 0. Calculate the greatest common divisor of 92 and x.
4
Let l(f) = -26*f - 127. Let r be l(-3). Let p = r - -124. Calculate the greatest common factor of p and 400.
25
Suppose i = -0*i + 5*t + 3943, 0 = 2*i - t - 7877. Calculate the highest common divisor of 110 and i.
22
Suppose 0 = -10*p - 936 + 86. Let q = -24 - p. Suppose -154 = -4*f - 2*z, 2*z = -2*f + 11 + q. Calculate the greatest common divisor of f and 287.
41
Let k(q) = q - 32. Let s(n) = -n + 30. Let f(y) = -4*k(y) - 3*s(y). Let a be f(20). Calculate the greatest common divisor of a and 162.
18
Suppose -y = 2*d - 103, -5*y + 784 = -3*d + 932. Calculate the greatest common divisor of d and 289.
17
Let u(o) be the third derivative of 0*o + 0 + 5/12*o**4 + 1/60*o**5 + 4/3*o**3 + 7*o**2. Let v be u(-10). What is the greatest common factor of v and 56?
8
Let d(j) = 2037*j + 459. Let v be d(1). What is the greatest common factor of 39 and v?
39
Let o = -445 - -454. Suppose 540 = o*t + 21*t. What is the highest common divisor of 2 and t?
2
Let l(p) = -p**3 + 3*p**2 + 10*p - 2. Let v be l(6). Let k be ((-5)/(v/(-8)))/((-2)/15). Calculate the greatest common divisor of 4 and k.
2
Let d = 31 + -27. Suppose 3 = -c - x + 7, 3*c + d*x = 10. Let p be (-4)/(-28) + 377/7. What is the highest common divisor of c and p?
6
Let v(x) = -x**2 + 21*x + 11. Let u(h) = h**3 + 21*h**2 + 39*h + 40. Let j be u(-19). Let k be v(j). What is the greatest common factor of 187 and k?
11
Let f(b) be the second derivative of b**3/6 + 145*b**2 - b. Let n = -2870 + 2870. Let r be f(n). What is the highest common divisor of 29 and r?
29
Let s = 244 + -206. Suppose s*i - 27*i = 1144. What is the highest common divisor of 572 and i?
52
Suppose -14*q + 22*q = 2199 + 2121. Calculate the highest common divisor of q and 80.
20
Let h be -3*16/(-24)*(5 + -1). Calculate the highest common divisor of h and 512.
8
Suppose -4*r - 96 = -4*v, 2*v - r = -2*v + 105. Let s(o) = 13 - 9 - 2*o + 8*o**2 - 3*o + 2*o. Let p be s(1). What is the highest common divisor of v and p?
9
Let i be (-4)/18 - (-100)/45. Suppose 2*y - 968 = -i*y. Suppose 5*f - 44*d - 113 = -41*d, 0 = -2*f + d + 45. What is the greatest common divisor of f and y?
22
Let a be (-12)/(-42) - ((-27)/(-12))/((-63)/216). Let v = 58 + 14. What is the highest common divisor of v and a?
8
Suppose 7*r + 3 = 6*r, 2*r + 78846 = 4*a. Calculate the greatest common divisor of 27 and a.
27
Suppose -195*y + 4264 + 5180 = -696. Suppose -349 = -4*m - 3*v, -5*v + 157 = 2*m - 0. What is the greatest common divisor of m and y?
13
Let n(r) be the first derivative of -r**4/4 + 11*r**3/3 - 3*r**2/2 - 30*r - 103. Let g be n(10). What is the greatest common factor of 5 and g?
5
Let o be (-4122)/(-24) - (-11)/(308/(-21)). What is the highest common divisor of o and 361?
19
Let i(z) = 22*z - 38. Suppose -6*s = 3 - 27. Let y be i(s). Calculate the greatest common divisor of 2 and y.
2
Let i(h) = 458*h - 12200. Let q be i(120). Calculate the greatest common factor of 40 and q.
40
Let x(w) = -w**3 - 47*w**2 - 61*w - 437. Let y be x(-46). What is the highest common factor of 10879 and y?
253
Suppose 0*j - j + 38 = 0. Let h(y) = y**3 - 4*y**2 + 12*y - 9. Let o be h(4). Suppose -o*b - 190 = -41*b. What is the greatest common factor of j and b?
19
Let g be (-88)/(-1144) + 21447/39. What is the greatest common divisor of g and 250?
50
Suppose -2 = 2*d - 14. Suppose -3*w - f + 4 = -14, 0 = -w + 3*f + d. Suppose -10*r + w*r + 76 = 0. What is the greatest common divisor of 95 and r?
19
Suppose -4*m + 0*m + 60 = 0. Let f be 1 + 5/m*9. Let r be 4/(f/37) - 1. Calculate the greatest common factor of r and 4.
4
Let p = 393 - 197. Let a = p + -145. What is the highest common factor of 561 and a?
51
Let n be 1/((-3)/(-12)) + 1. Suppose -n*j = -55 + 35. Let w be j/6 + 416/6. What is the highest common factor of w and 28?
14
Suppose -3*i - 4*t + 3 = -10, -7 = -4*i + 5*t. Suppose 0 = 3*m - i, -4*m = -g + 92 - 6. Calculate the highest common divisor of g and 45.
45
Suppose 0 = 3*w + 5*h - 40080, 3*w = 2*h + 36598 + 3440. What is the highest common factor of w and 15?
15
Let b be ((-7)/((-84)/200))/(4/1008). Suppose -b = -22*g + 10*g. Calculate the highest common divisor of 28 and g.
14
Suppose -4*y = -5*p - 1115, -5*p + 2*y - 7*y = 1070. Let c = -165 - p. What is the highest common divisor of c and 135?
27
Let y = -11 - -17. Suppose 2*f = -y*f - f. Suppose 4*s - 80 = 5*j, f*s + s - 5*j - 20 = 0. Calculate the highest common divisor of s and 4.
4
Suppose 2*o - 4 = 0, -3*o - 19 = 2*j - 39. Calculate the highest common divisor of j and 8582.
7
Let m be 2*(-2)/(-4) + 6 + -4. Suppose 0*y + 633 = m*y. Let a = y + -139. Calculate the greatest common divisor of a and 9.
9
Let r(i) be the first derivative of 5*i**3/3 - 2*i**2 + 23*i - 90. Let f be r(3). What is the highest common divisor of f and 42?
14
Let h be (((-93)/(-9))/(1/(-5)))/(2635/(-9486)). What is the greatest common divisor of 12 and h?
6
Let d = -15 + 71. Suppose -3*y - d = -200. What is the highest common factor of 120 and y?
24
Let f(v) = -v**3 + 16*v**2 + 43*v + 10. Let r be f(18). Let c be 27/(-18)*16/(-3). What is the highest common divisor of c and r?
8
Let i(z) = 19*z + 1191. Let k be i(-52). Calculate the greatest common divisor of k and 1479.
29
Let f = 53 - 40. Suppose 3 = g - f. Let i be (7*8/168)/((-3)/(-144)). What is the highest common factor of g and i?
16
Let n be 2201 + 14514/1722 + 3/((-21)/(-4)). What is the highest common divisor of n and 1040?
130
Suppose 2*o - 2 - 6 = -4*f, 4*f = -5*o + 44. Suppose 4*u - 16 = -2*m, 4 = 4*m - o. Calculate the greatest common divisor of u and 64.
2
Let c(t) = 2*t**2 - 35*t + 86. Let l be c(26). Suppose -6*v + l = 18*v. What is the highest common divisor of v and 363?
11
Suppose -132 - 118 = 10*r. Suppose -3*b - 2*b + 153 = -4*p, 4*b = -2*p - 96. Let m = r - p. Calculate the greatest 